{"id":84003,"date":"2020-03-16T14:20:05","date_gmt":"2020-03-16T07:20:05","guid":{"rendered":"http:\/\/hoanghamobile.com\/tin-tuc\/?page_id=84003"},"modified":"2020-03-25T15:08:07","modified_gmt":"2020-03-25T08:08:07","slug":"oppo-find-x2","status":"publish","type":"page","link":"https:\/\/hoanghamobile.com\/tin-tuc\/dat-hang\/oppo-find-x2\/","title":{"rendered":"\u0110\u1eb7t tr\u01b0\u1edbc Oppo Find X2"},"content":{"rendered":"<p><span style=\"width: 100%;\"><a href=\"https:\/\/hoanghamobile.com\/\" target=\"_blank\" rel=\"noopener noreferrer\"><img decoding=\"async\" alt=\"logo\" title=\"logo\" data-id=\"84006\" src=\"\/tin-tuc\/wp-content\/uploads\/2020\/03\/Group-1.png\" style=\"\" width=\"168\" height=\"24\"><\/a><\/span><\/p>\n<p style=\"text-align: center;\"><strong>li\u00ean h\u1ec7: <span>1900 2091<\/span><\/strong><\/p>\n<p><span><img fetchpriority=\"high\" decoding=\"async\" alt=\"dat truoc Oppo Find X2\" data-id=\"84008\" title=\"dat truoc Oppo Find X2\" src=\"\/\/hoanghamobile.com\/tin-tuc\/wp-content\/uploads\/2020\/03\/Group-2.png\" style=\"\" width=\"353\" height=\"204\"><\/span><span><img decoding=\"async\" alt=\"keo xuong xem qua\" data-id=\"84012\" title=\"keo xuong xem qua\" src=\"\/tin-tuc\/wp-content\/uploads\/2020\/03\/Group-14.png\" style=\"\" width=\"241\" height=\"49\"><\/span><span><img loading=\"lazy\" decoding=\"async\" alt=\"Oppo 1\" data-id=\"84007\" title=\"Oppo 1\" src=\"\/\/hoanghamobile.com\/tin-tuc\/wp-content\/uploads\/2020\/03\/Group-13-1.png\" style=\"\" width=\"522\" height=\"600\"><\/span><\/p>\n<p style=\"text-align: center;\"><strong>QU\u00c0 T\u1eb6NG OPPO<\/strong><\/p>\n<p><span><img loading=\"lazy\" decoding=\"async\" alt=\"bao hanh roi vo\" data-id=\"84016\" title=\"bao hanh roi vo\" src=\"\/\/hoanghamobile.com\/tin-tuc\/wp-content\/uploads\/2020\/03\/Group-17.png\" style=\"\" width=\"260\" height=\"260\"><\/span><\/p>\n<p>B\u1ea3o h\u00e0nh r\u01a1i v\u1ee1<\/p>\n<p><strong>06 Th\u00e1ng<\/strong><\/p>\n<p><span><img loading=\"lazy\" decoding=\"async\" alt=\"Loa B&amp;O\" data-id=\"84015\" title=\"Loa B&amp;O\" src=\"\/\/hoanghamobile.com\/tin-tuc\/wp-content\/uploads\/2020\/03\/Group-15.png\" style=\"\" width=\"352\" height=\"352\"><\/span><\/p>\n<p>Loa Bluetooth<\/p>\n<p><strong>B&amp;O BEOPLAY A1<\/strong><\/p>\n<p><span><img loading=\"lazy\" decoding=\"async\" alt=\"bao hanh 18 thang\" data-id=\"84017\" title=\"bao hanh 18 thang\" src=\"\/\/hoanghamobile.com\/tin-tuc\/wp-content\/uploads\/2020\/03\/Group-16.png\" style=\"\" width=\"260\" height=\"260\"><\/span><\/p>\n<p style=\"text-align: center;\">B\u1ea3o h\u00e0nh ch\u00ednh h\u00e3ng<\/p>\n<p style=\"text-align: center;\"><strong>18 Th\u00e1ng<\/strong><\/p>\n<p><span><img loading=\"lazy\" decoding=\"async\" alt=\"H\u1ed9p qu\u00e0 Ho\u00e0ng H\u00e0\" data-id=\"85002\" title=\"H\u1ed9p qu\u00e0 Ho\u00e0ng H\u00e0\" src=\"\/\/hoanghamobile.com\/tin-tuc\/wp-content\/uploads\/2020\/03\/Untitled-3-01.png\" style=\"\" width=\"900\" height=\"900\"><\/span><\/p>\n<p style=\"text-align: center;\"><strong>B\u1ed8 QU\u00c0 KH\u1ee6NG HO\u00c0NG H\u00c0<\/strong><\/p>\n<p style=\"text-align: center;\">Kh\u00f4ng nh\u1eadn qu\u00e0 &#8211; Gi\u00e1 t\u1ed1t nh\u1ea5t &#8211; Li\u00ean h\u1ec7: 1900.2091<\/p>\n<p><span><img loading=\"lazy\" decoding=\"async\" alt=\"sac nhanh\" data-id=\"84024\" title=\"sac nhanh\" src=\"\/\/hoanghamobile.com\/tin-tuc\/wp-content\/uploads\/2020\/03\/Group-19.png\" width=\"444\" height=\"428\"><\/span><\/p>\n<p style=\"text-align: center;\"><strong>Si\u00eau s\u1ea1c nhanhSuperVOOC 2.0 65W<\/strong><\/p>\n<p>H\u01a1n c\u1ea3 s\u1ea1c nhanh VOOC, si\u00eau s\u1ea1c nhanh SuperVOOC 2.0 65W mang \u0111\u1ebfn tr\u1ea3i nghi\u1ec7m t\u1ed1c \u0111\u1ed9 t\u1ed9t \u0111\u1ec9nh v\u1edbi kh\u1ea3 n\u0103ng: s\u1ea1c \u0111\u1ea7y 40% pin OPPO Find X2 ch\u1ec9 sau 10 ph\u00fat, s\u1ea1c \u0111\u1ea7y 100% pin ch\u1ec9 trong 38 ph\u00fat, \u0111\u1ea3m b\u1ea3o s\u1ea1c an to\u00e0n ngay c\u1ea3 khi s\u1eed d\u1ee5ng c\u00f9ng l\u00fac.<\/p>\n<p style=\"text-align: center;\">Kh\u00f4ng nh\u1eadn qu\u00e0 &#8211; Gi\u00e1 t\u1ed1t nh\u1ea5t &#8211; Li\u00ean h\u1ec7: 1900.2091<\/p>\n<p><span><img loading=\"lazy\" decoding=\"async\" alt=\"man hinh oppo\" data-id=\"84026\" title=\"man hinh oppo\" src=\"\/\/hoanghamobile.com\/tin-tuc\/wp-content\/uploads\/2020\/03\/Group-20.png\" width=\"747\" height=\"223\"><\/span><\/p>\n<p style=\"text-align: center;\"><strong>B\u01b0\u1edbc ti\u1ebfn \u0111\u1ed9t ph\u00e1M\u00e0n h\u00ecnh 120Hz<\/strong><\/p>\n<p>OPPO Find X2 s\u1edf h\u1eefu m\u00e0n h\u00ecnh v\u1edbi d\u1ea3i m\u00e0u s\u1eafc \u1ea5n t\u01b0\u1ee3ng, c\u00f3 kh\u1ea3 n\u0103ng hi\u1ec3n th\u1ecb l\u00ean \u0111\u1ebfn 1 t\u1ef7 m\u00e0u s\u1eafc ch\u00e2n th\u1ef1c, g\u1ea5p 64 l\u1ea7n \u0111i\u1ec7n tho\u1ea1i th\u00f4ng th\u01b0\u1eddng. T\u1ed1c \u0111\u1ed9 l\u00e0m m\u1edbi m\u00e0n h\u00ecnh cao nh\u1ea5t 120Hz mang \u0111\u1ebfn tr\u1ea3i nghi\u1ec7m c\u1ea3m \u1ee9ng m\u01b0\u1ee3t m\u00e0 h\u01a1n.<\/p>\n<p style=\"text-align: center;\">Kh\u00f4ng nh\u1eadn qu\u00e0 &#8211; Gi\u00e1 t\u1ed1t nh\u1ea5t &#8211; Li\u00ean h\u1ec7: 1900.2091<\/p>\n<p style=\"text-align: center;\"><strong>Camera \u0111\u1ed9t ph\u00e1<\/strong><\/p>\n<p><span><img loading=\"lazy\" decoding=\"async\" alt=\"Group 21\" data-id=\"84028\" title=\"Group 21\" src=\"\/\/hoanghamobile.com\/tin-tuc\/wp-content\/uploads\/2020\/03\/Group-21.png\" width=\"598\" height=\"416\"><\/span><\/p>\n<p style=\"text-align: center;\">Kh\u00f4ng nh\u1eadn qu\u00e0 &#8211; Gi\u00e1 t\u1ed1t nh\u1ea5t &#8211; Li\u00ean h\u1ec7: 1900.2091<\/p>\n<p><span><img loading=\"lazy\" decoding=\"async\" alt=\"snapdragon\" data-id=\"84029\" title=\"snapdragon\" src=\"\/\/hoanghamobile.com\/tin-tuc\/wp-content\/uploads\/2020\/03\/Group-22.png\" width=\"552\" height=\"321\"><\/span><\/p>\n<p style=\"text-align: center;\"><strong>B\u1ed9 x\u1eed l\u00fd Qualcomm\u00aeSnapdragon \u2122 865 m\u1edbi nh\u1ea5t<\/strong><\/p>\n<p>Hi\u1ec7u n\u0103ng v\u01b0\u1ee3t tr\u1ed9i gi\u00fap b\u1ea1n lu\u00f4n d\u1eabn \u0111\u1ea7u, OPPO Find X2 \u0111\u01b0\u1ee3c trang b\u1ecb b\u1ed9 x\u1eed l\u00fd Qualcomm\u00ae Snapdragon \u2122 865 m\u1ea1nh m\u1ebd gi\u00fap t\u1ed1i \u01b0u h\u00f3a hi\u1ec7u su\u1ea5t. RAM 12GB b\u00ean c\u1ea1nh dung l\u01b0\u1ee3ng l\u01b0u tr\u1eef l\u1edbn (ROM) l\u00ean \u0111\u1ebfn 256GB gi\u00fap b\u1ea1n l\u00e0m ch\u1ee7 m\u1ecdi t\u00e1c v\u1ee5<\/p>\n<p style=\"text-align: center;\">Kh\u00f4ng nh\u1eadn qu\u00e0 &#8211; Gi\u00e1 t\u1ed1t nh\u1ea5t &#8211; Li\u00ean h\u1ec7: 1900.2091<\/p>\n<p style=\"text-align: center;\">Th\u00f4ng tin \u0111\u1eb7t h\u00e0ng<span style=\"text-transform: uppercase;\">\u0110i\u1ec7n tho\u1ea1i Oppo Find X2 <\/span><\/p>\n<p style=\"text-align: left;\"><strong>1. Th\u1eddi gian \u0111\u1eb7t:<\/strong>&nbsp;16\/3 \u2013 31\/3\/2020<\/p>\n<p style=\"text-align: left;\"><strong>2. M\u00e0u s\u1ea3n ph\u1ea9m:<\/strong>&nbsp;<\/p>\n<ul>\n<li style=\"text-align: left;\">OPPO Find X2: Xanh \u0110\u1ea1i D\u01b0\u01a1ng<\/li>\n<\/ul>\n<p style=\"text-align: left;\"><strong>3. Gi\u00e1 ch\u00ednh th\u1ee9c: 23.990.000\u0111<\/strong><\/p>\n<p style=\"text-align: left;\"><strong>4. \u01afu \u0111\u00e3i duy nh\u1ea5t t\u1ea1i Ho\u00e0ng H\u00e0 Mobile<\/strong><\/p>\n<p style=\"text-align: left;\"><strong>&#8211; B\u1ed9 qu\u00e0 t\u1eeb h\u00e3ng:<\/strong><\/p>\n<ul>\n<li style=\"text-align: left;\">Loa B&amp;O BeoPlay tr\u1ecb gi\u00e1 7.900.000\u0111<\/li>\n<li style=\"text-align: left;\">B\u1ea3o H\u00e0nh 18 th\u00e1ng<\/li>\n<li style=\"text-align: left;\">B\u1ea3o hi\u1ec3m v\u1ee1 m\u00e0n h\u00ecnh 6 th\u00e1ng<\/li>\n<\/ul>\n<p style=\"text-align: left;\"><strong>&#8211; B\u1ed9 qu\u00e0 kh\u1ee7ng t\u1eeb Ho\u00e0ng H\u00e0 Mobile<\/strong><\/p>\n<p style=\"text-align: left;\"><strong>4. S\u1ed1 ti\u1ec1n \u0111\u1eb7t c\u1ecdc: 1.000.000\u0111<\/strong><\/p>\n<p style=\"text-align: left;\"><strong><em>&nbsp;<\/em>&#8211; Kh\u00f4ng nh\u1eadn qu\u00e0 &#8211; Gi\u00e1 t\u1ed1t li\u00ean h\u1ec7 1900.2091<\/strong><\/p>\n<p style=\"text-align: center;\">B\u00ecnh lu\u1eadn<\/p>\n","protected":false},"excerpt":{"rendered":"<p>li\u00ean h\u1ec7: 1900 2091 QU\u00c0 T\u1eb6NG OPPO B\u1ea3o h\u00e0nh r\u01a1i v\u1ee1 06 Th\u00e1ng Loa Bluetooth B&amp;O BEOPLAY A1 B\u1ea3o h\u00e0nh ch\u00ednh h\u00e3ng 18 Th\u00e1ng B\u1ed8 QU\u00c0 KH\u1ee6NG HO\u00c0NG H\u00c0 Kh\u00f4ng nh\u1eadn qu\u00e0 &#8211; Gi\u00e1 t\u1ed1t nh\u1ea5t &#8211; Li\u00ean h\u1ec7: 1900.2091 Si\u00eau s\u1ea1c nhanhSuperVOOC 2.0 65W H\u01a1n c\u1ea3 s\u1ea1c nhanh VOOC, si\u00eau s\u1ea1c nhanh SuperVOOC 2.0 [&hellip;]<\/p>\n","protected":false},"author":28,"featured_media":84051,"parent":43252,"menu_order":0,"comment_status":"closed","ping_status":"closed","template":"","meta":{"footnotes":""},"class_list":["post-84003","page","type-page","status-publish","has-post-thumbnail","hentry"],"yoast_head":"<!-- This site is optimized with the Yoast SEO Premium plugin v24.2 (Yoast SEO v24.2) - https:\/\/yoast.com\/wordpress\/plugins\/seo\/ -->\n<title>\u0110\u1eb7t tr\u01b0\u1edbc Oppo Find X2: \u01afu \u0111\u00e3i qu\u00e0 h\u01a1n 11 Tri\u1ec7u \u0111\u1ed3ng<\/title>\n<meta name=\"description\" content=\"\u0110\u1eb7t tr\u01b0\u1edbc si\u00eau ph\u1ea9m Oppo Find X2 ngay \u0111\u1ec3 nh\u1eadn \u01b0u \u0111\u00e3i qu\u00e0 t\u1edbi 11 Tri\u1ec7u \u0111\u1ed3ng, h\u1ed7 tr\u1ee3 nh\u1eadp l\u1ea1i gi\u00e1 c\u1ef1c t\u1ed1t t\u1eeb Ho\u00e0ng H\u00e0 Mobile.\" \/>\n<meta name=\"robots\" content=\"index, follow, max-snippet:-1, max-image-preview:large, max-video-preview:-1\" \/>\n<link rel=\"canonical\" href=\"https:\/\/hoanghamobile.com\/tin-tuc\/dat-hang\/oppo-find-x2\/\" \/>\n<meta property=\"og:locale\" content=\"vi_VN\" \/>\n<meta property=\"og:type\" content=\"article\" \/>\n<meta property=\"og:title\" content=\"\u0110\u1eb7t tr\u01b0\u1edbc Oppo Find X2: \u01afu \u0111\u00e3i qu\u00e0 h\u01a1n 11 Tri\u1ec7u \u0111\u1ed3ng\" \/>\n<meta property=\"og:description\" content=\"\u0110\u1eb7t tr\u01b0\u1edbc si\u00eau ph\u1ea9m Oppo Find X2 ngay \u0111\u1ec3 nh\u1eadn \u01b0u \u0111\u00e3i qu\u00e0 t\u1edbi 11 Tri\u1ec7u \u0111\u1ed3ng, h\u1ed7 tr\u1ee3 nh\u1eadp l\u1ea1i gi\u00e1 c\u1ef1c t\u1ed1t t\u1eeb Ho\u00e0ng H\u00e0 Mobile.\" \/>\n<meta property=\"og:url\" content=\"https:\/\/hoanghamobile.com\/tin-tuc\/dat-hang\/oppo-find-x2\/\" \/>\n<meta property=\"og:site_name\" content=\"Tin t\u1ee9c c\u00f4ng ngh\u1ec7 - HoangHaMobile\" \/>\n<meta property=\"article:publisher\" content=\"https:\/\/www.facebook.com\/hoanghamobilecom\" \/>\n<meta property=\"article:modified_time\" content=\"2020-03-25T08:08:07+00:00\" \/>\n<meta property=\"og:image\" content=\"https:\/\/hoanghamobile.com\/tin-tuc\/wp-content\/uploads\/2020\/03\/Untitled-1.jpg\" \/>\n\t<meta property=\"og:image:width\" content=\"1200\" \/>\n\t<meta property=\"og:image:height\" content=\"628\" \/>\n\t<meta property=\"og:image:type\" content=\"image\/jpeg\" \/>\n<meta name=\"twitter:card\" content=\"summary_large_image\" \/>\n<meta name=\"twitter:title\" content=\"\u0110\u1eb7t tr\u01b0\u1edbc Oppo Find X2: \u01afu \u0111\u00e3i qu\u00e0 h\u01a1n 11 Tri\u1ec7u \u0111\u1ed3ng\" \/>\n<meta name=\"twitter:description\" content=\"\u0110\u1eb7t tr\u01b0\u1edbc si\u00eau ph\u1ea9m Oppo Find X2 ngay \u0111\u1ec3 nh\u1eadn \u01b0u \u0111\u00e3i qu\u00e0 t\u1edbi 11 Tri\u1ec7u \u0111\u1ed3ng, h\u1ed7 tr\u1ee3 nh\u1eadp l\u1ea1i gi\u00e1 c\u1ef1c t\u1ed1t t\u1eeb Ho\u00e0ng H\u00e0 Mobile.\" \/>\n<meta name=\"twitter:image\" content=\"https:\/\/hoanghamobile.com\/tin-tuc\/wp-content\/uploads\/2020\/03\/Untitled-1.jpg\" \/>\n<meta name=\"twitter:label1\" content=\"\u01af\u1edbc t\u00ednh th\u1eddi gian \u0111\u1ecdc\" \/>\n\t<meta name=\"twitter:data1\" content=\"2 ph\u00fat\" \/>\n<script type=\"application\/ld+json\" class=\"yoast-schema-graph\">{\"@context\":\"https:\/\/schema.org\",\"@graph\":[{\"@type\":\"WebPage\",\"@id\":\"https:\/\/hoanghamobile.com\/tin-tuc\/dat-hang\/oppo-find-x2\/\",\"url\":\"https:\/\/hoanghamobile.com\/tin-tuc\/dat-hang\/oppo-find-x2\/\",\"name\":\"\u0110\u1eb7t tr\u01b0\u1edbc Oppo Find X2: \u01afu \u0111\u00e3i qu\u00e0 h\u01a1n 11 Tri\u1ec7u \u0111\u1ed3ng\",\"isPartOf\":{\"@id\":\"https:\/\/hoanghamobile.com\/tin-tuc\/#website\"},\"primaryImageOfPage\":{\"@id\":\"https:\/\/hoanghamobile.com\/tin-tuc\/dat-hang\/oppo-find-x2\/#primaryimage\"},\"image\":{\"@id\":\"https:\/\/hoanghamobile.com\/tin-tuc\/dat-hang\/oppo-find-x2\/#primaryimage\"},\"thumbnailUrl\":\"https:\/\/hoanghamobile.com\/tin-tuc\/wp-content\/uploads\/2020\/03\/Untitled-1.jpg\",\"datePublished\":\"2020-03-16T07:20:05+00:00\",\"dateModified\":\"2020-03-25T08:08:07+00:00\",\"description\":\"\u0110\u1eb7t tr\u01b0\u1edbc si\u00eau ph\u1ea9m Oppo Find X2 ngay \u0111\u1ec3 nh\u1eadn \u01b0u \u0111\u00e3i qu\u00e0 t\u1edbi 11 Tri\u1ec7u \u0111\u1ed3ng, h\u1ed7 tr\u1ee3 nh\u1eadp l\u1ea1i gi\u00e1 c\u1ef1c t\u1ed1t t\u1eeb Ho\u00e0ng H\u00e0 Mobile.\",\"breadcrumb\":{\"@id\":\"https:\/\/hoanghamobile.com\/tin-tuc\/dat-hang\/oppo-find-x2\/#breadcrumb\"},\"inLanguage\":\"vi\",\"potentialAction\":[{\"@type\":\"ReadAction\",\"target\":[\"https:\/\/hoanghamobile.com\/tin-tuc\/dat-hang\/oppo-find-x2\/\"]}]},{\"@type\":\"ImageObject\",\"inLanguage\":\"vi\",\"@id\":\"https:\/\/hoanghamobile.com\/tin-tuc\/dat-hang\/oppo-find-x2\/#primaryimage\",\"url\":\"https:\/\/hoanghamobile.com\/tin-tuc\/wp-content\/uploads\/2020\/03\/Untitled-1.jpg\",\"contentUrl\":\"https:\/\/hoanghamobile.com\/tin-tuc\/wp-content\/uploads\/2020\/03\/Untitled-1.jpg\",\"width\":1200,\"height\":628,\"caption\":\"Untitled-1\"},{\"@type\":\"BreadcrumbList\",\"@id\":\"https:\/\/hoanghamobile.com\/tin-tuc\/dat-hang\/oppo-find-x2\/#breadcrumb\",\"itemListElement\":[{\"@type\":\"ListItem\",\"position\":1,\"name\":\"Trang ch\u1ee7\",\"item\":\"https:\/\/hoanghamobile.com\/tin-tuc\/\"},{\"@type\":\"ListItem\",\"position\":2,\"name\":\"\u0110\u1eb7t h\u00e0ng\",\"item\":\"https:\/\/hoanghamobile.com\/tin-tuc\/dat-hang\/\"},{\"@type\":\"ListItem\",\"position\":3,\"name\":\"\u0110\u1eb7t tr\u01b0\u1edbc Oppo Find X2\"}]},{\"@type\":\"WebSite\",\"@id\":\"https:\/\/hoanghamobile.com\/tin-tuc\/#website\",\"url\":\"https:\/\/hoanghamobile.com\/tin-tuc\/\",\"name\":\"Tin t\u1ee9c c\u00f4ng ngh\u1ec7 - HoangHaMobile\",\"description\":\"\",\"publisher\":{\"@id\":\"https:\/\/hoanghamobile.com\/tin-tuc\/#organization\"},\"potentialAction\":[{\"@type\":\"SearchAction\",\"target\":{\"@type\":\"EntryPoint\",\"urlTemplate\":\"https:\/\/hoanghamobile.com\/tin-tuc\/?s={search_term_string}\"},\"query-input\":{\"@type\":\"PropertyValueSpecification\",\"valueRequired\":true,\"valueName\":\"search_term_string\"}}],\"inLanguage\":\"vi\"},{\"@type\":\"Organization\",\"@id\":\"https:\/\/hoanghamobile.com\/tin-tuc\/#organization\",\"name\":\"Tin t\u1ee9c c\u00f4ng ngh\u1ec7 - HoangHaMobile\",\"url\":\"https:\/\/hoanghamobile.com\/tin-tuc\/\",\"logo\":{\"@type\":\"ImageObject\",\"inLanguage\":\"vi\",\"@id\":\"https:\/\/hoanghamobile.com\/tin-tuc\/#\/schema\/logo\/image\/\",\"url\":\"https:\/\/hoanghamobile.com\/tin-tuc\/wp-content\/uploads\/2021\/12\/logo-text.png\",\"contentUrl\":\"https:\/\/hoanghamobile.com\/tin-tuc\/wp-content\/uploads\/2021\/12\/logo-text.png\",\"width\":256,\"height\":37,\"caption\":\"Tin t\u1ee9c c\u00f4ng ngh\u1ec7 - HoangHaMobile\"},\"image\":{\"@id\":\"https:\/\/hoanghamobile.com\/tin-tuc\/#\/schema\/logo\/image\/\"},\"sameAs\":[\"https:\/\/www.facebook.com\/hoanghamobilecom\"]}]}<\/script>\n<!-- \/ Yoast SEO Premium plugin. -->","yoast_head_json":{"title":"\u0110\u1eb7t tr\u01b0\u1edbc Oppo Find X2: \u01afu \u0111\u00e3i qu\u00e0 h\u01a1n 11 Tri\u1ec7u \u0111\u1ed3ng","description":"\u0110\u1eb7t tr\u01b0\u1edbc si\u00eau ph\u1ea9m Oppo Find X2 ngay \u0111\u1ec3 nh\u1eadn \u01b0u \u0111\u00e3i qu\u00e0 t\u1edbi 11 Tri\u1ec7u \u0111\u1ed3ng, h\u1ed7 tr\u1ee3 nh\u1eadp l\u1ea1i gi\u00e1 c\u1ef1c t\u1ed1t t\u1eeb Ho\u00e0ng H\u00e0 Mobile.","robots":{"index":"index","follow":"follow","max-snippet":"max-snippet:-1","max-image-preview":"max-image-preview:large","max-video-preview":"max-video-preview:-1"},"canonical":"https:\/\/hoanghamobile.com\/tin-tuc\/dat-hang\/oppo-find-x2\/","og_locale":"vi_VN","og_type":"article","og_title":"\u0110\u1eb7t tr\u01b0\u1edbc Oppo Find X2: \u01afu \u0111\u00e3i qu\u00e0 h\u01a1n 11 Tri\u1ec7u \u0111\u1ed3ng","og_description":"\u0110\u1eb7t tr\u01b0\u1edbc si\u00eau ph\u1ea9m Oppo Find X2 ngay \u0111\u1ec3 nh\u1eadn \u01b0u \u0111\u00e3i qu\u00e0 t\u1edbi 11 Tri\u1ec7u \u0111\u1ed3ng, h\u1ed7 tr\u1ee3 nh\u1eadp l\u1ea1i gi\u00e1 c\u1ef1c t\u1ed1t t\u1eeb Ho\u00e0ng H\u00e0 Mobile.","og_url":"https:\/\/hoanghamobile.com\/tin-tuc\/dat-hang\/oppo-find-x2\/","og_site_name":"Tin t\u1ee9c c\u00f4ng ngh\u1ec7 - HoangHaMobile","article_publisher":"https:\/\/www.facebook.com\/hoanghamobilecom","article_modified_time":"2020-03-25T08:08:07+00:00","og_image":[{"width":1200,"height":628,"url":"https:\/\/hoanghamobile.com\/tin-tuc\/wp-content\/uploads\/2020\/03\/Untitled-1.jpg","type":"image\/jpeg"}],"twitter_card":"summary_large_image","twitter_title":"\u0110\u1eb7t tr\u01b0\u1edbc Oppo Find X2: \u01afu \u0111\u00e3i qu\u00e0 h\u01a1n 11 Tri\u1ec7u \u0111\u1ed3ng","twitter_description":"\u0110\u1eb7t tr\u01b0\u1edbc si\u00eau ph\u1ea9m Oppo Find X2 ngay \u0111\u1ec3 nh\u1eadn \u01b0u \u0111\u00e3i qu\u00e0 t\u1edbi 11 Tri\u1ec7u \u0111\u1ed3ng, h\u1ed7 tr\u1ee3 nh\u1eadp l\u1ea1i gi\u00e1 c\u1ef1c t\u1ed1t t\u1eeb Ho\u00e0ng H\u00e0 Mobile.","twitter_image":"https:\/\/hoanghamobile.com\/tin-tuc\/wp-content\/uploads\/2020\/03\/Untitled-1.jpg","twitter_misc":{"\u01af\u1edbc t\u00ednh th\u1eddi gian \u0111\u1ecdc":"2 ph\u00fat"},"schema":{"@context":"https:\/\/schema.org","@graph":[{"@type":"WebPage","@id":"https:\/\/hoanghamobile.com\/tin-tuc\/dat-hang\/oppo-find-x2\/","url":"https:\/\/hoanghamobile.com\/tin-tuc\/dat-hang\/oppo-find-x2\/","name":"\u0110\u1eb7t tr\u01b0\u1edbc Oppo Find X2: \u01afu \u0111\u00e3i qu\u00e0 h\u01a1n 11 Tri\u1ec7u \u0111\u1ed3ng","isPartOf":{"@id":"https:\/\/hoanghamobile.com\/tin-tuc\/#website"},"primaryImageOfPage":{"@id":"https:\/\/hoanghamobile.com\/tin-tuc\/dat-hang\/oppo-find-x2\/#primaryimage"},"image":{"@id":"https:\/\/hoanghamobile.com\/tin-tuc\/dat-hang\/oppo-find-x2\/#primaryimage"},"thumbnailUrl":"https:\/\/hoanghamobile.com\/tin-tuc\/wp-content\/uploads\/2020\/03\/Untitled-1.jpg","datePublished":"2020-03-16T07:20:05+00:00","dateModified":"2020-03-25T08:08:07+00:00","description":"\u0110\u1eb7t tr\u01b0\u1edbc si\u00eau ph\u1ea9m Oppo Find X2 ngay \u0111\u1ec3 nh\u1eadn \u01b0u \u0111\u00e3i qu\u00e0 t\u1edbi 11 Tri\u1ec7u \u0111\u1ed3ng, h\u1ed7 tr\u1ee3 nh\u1eadp l\u1ea1i gi\u00e1 c\u1ef1c t\u1ed1t t\u1eeb Ho\u00e0ng H\u00e0 Mobile.","breadcrumb":{"@id":"https:\/\/hoanghamobile.com\/tin-tuc\/dat-hang\/oppo-find-x2\/#breadcrumb"},"inLanguage":"vi","potentialAction":[{"@type":"ReadAction","target":["https:\/\/hoanghamobile.com\/tin-tuc\/dat-hang\/oppo-find-x2\/"]}]},{"@type":"ImageObject","inLanguage":"vi","@id":"https:\/\/hoanghamobile.com\/tin-tuc\/dat-hang\/oppo-find-x2\/#primaryimage","url":"https:\/\/hoanghamobile.com\/tin-tuc\/wp-content\/uploads\/2020\/03\/Untitled-1.jpg","contentUrl":"https:\/\/hoanghamobile.com\/tin-tuc\/wp-content\/uploads\/2020\/03\/Untitled-1.jpg","width":1200,"height":628,"caption":"Untitled-1"},{"@type":"BreadcrumbList","@id":"https:\/\/hoanghamobile.com\/tin-tuc\/dat-hang\/oppo-find-x2\/#breadcrumb","itemListElement":[{"@type":"ListItem","position":1,"name":"Trang ch\u1ee7","item":"https:\/\/hoanghamobile.com\/tin-tuc\/"},{"@type":"ListItem","position":2,"name":"\u0110\u1eb7t h\u00e0ng","item":"https:\/\/hoanghamobile.com\/tin-tuc\/dat-hang\/"},{"@type":"ListItem","position":3,"name":"\u0110\u1eb7t tr\u01b0\u1edbc Oppo Find X2"}]},{"@type":"WebSite","@id":"https:\/\/hoanghamobile.com\/tin-tuc\/#website","url":"https:\/\/hoanghamobile.com\/tin-tuc\/","name":"Tin t\u1ee9c c\u00f4ng ngh\u1ec7 - HoangHaMobile","description":"","publisher":{"@id":"https:\/\/hoanghamobile.com\/tin-tuc\/#organization"},"potentialAction":[{"@type":"SearchAction","target":{"@type":"EntryPoint","urlTemplate":"https:\/\/hoanghamobile.com\/tin-tuc\/?s={search_term_string}"},"query-input":{"@type":"PropertyValueSpecification","valueRequired":true,"valueName":"search_term_string"}}],"inLanguage":"vi"},{"@type":"Organization","@id":"https:\/\/hoanghamobile.com\/tin-tuc\/#organization","name":"Tin t\u1ee9c c\u00f4ng ngh\u1ec7 - HoangHaMobile","url":"https:\/\/hoanghamobile.com\/tin-tuc\/","logo":{"@type":"ImageObject","inLanguage":"vi","@id":"https:\/\/hoanghamobile.com\/tin-tuc\/#\/schema\/logo\/image\/","url":"https:\/\/hoanghamobile.com\/tin-tuc\/wp-content\/uploads\/2021\/12\/logo-text.png","contentUrl":"https:\/\/hoanghamobile.com\/tin-tuc\/wp-content\/uploads\/2021\/12\/logo-text.png","width":256,"height":37,"caption":"Tin t\u1ee9c c\u00f4ng ngh\u1ec7 - HoangHaMobile"},"image":{"@id":"https:\/\/hoanghamobile.com\/tin-tuc\/#\/schema\/logo\/image\/"},"sameAs":["https:\/\/www.facebook.com\/hoanghamobilecom"]}]}},"_links":{"self":[{"href":"https:\/\/hoanghamobile.com\/tin-tuc\/wp-json\/wp\/v2\/pages\/84003","targetHints":{"allow":["GET"]}}],"collection":[{"href":"https:\/\/hoanghamobile.com\/tin-tuc\/wp-json\/wp\/v2\/pages"}],"about":[{"href":"https:\/\/hoanghamobile.com\/tin-tuc\/wp-json\/wp\/v2\/types\/page"}],"author":[{"embeddable":true,"href":"https:\/\/hoanghamobile.com\/tin-tuc\/wp-json\/wp\/v2\/users\/28"}],"replies":[{"embeddable":true,"href":"https:\/\/hoanghamobile.com\/tin-tuc\/wp-json\/wp\/v2\/comments?post=84003"}],"version-history":[{"count":0,"href":"https:\/\/hoanghamobile.com\/tin-tuc\/wp-json\/wp\/v2\/pages\/84003\/revisions"}],"up":[{"embeddable":true,"href":"https:\/\/hoanghamobile.com\/tin-tuc\/wp-json\/wp\/v2\/pages\/43252"}],"wp:featuredmedia":[{"embeddable":true,"href":"https:\/\/hoanghamobile.com\/tin-tuc\/wp-json\/wp\/v2\/media\/84051"}],"wp:attachment":[{"href":"https:\/\/hoanghamobile.com\/tin-tuc\/wp-json\/wp\/v2\/media?parent=84003"}],"curies":[{"name":"wp","href":"https:\/\/api.w.org\/{rel}","templated":true}]}}