{"id":152296,"date":"2022-01-27T00:00:46","date_gmt":"2022-01-26T17:00:46","guid":{"rendered":"https:\/\/hoanghamobile.com\/tin-tuc\/?page_id=152296"},"modified":"2022-01-28T09:44:14","modified_gmt":"2022-01-28T02:44:14","slug":"hotsale-redmi-note-11","status":"publish","type":"page","link":"https:\/\/hoanghamobile.com\/tin-tuc\/dat-hang\/hotsale-redmi-note-11\/","title":{"rendered":"Hotsale m\u1edf b\u00e1n Xiaomi Redmi Note 11"},"content":{"rendered":"<p><span><a href=\"https:\/\/hoanghamobile.com\/\" target=\"_blank\" rel=\"noopener\"><picture><source srcset=\"https:\/\/hoanghamobile.com\/tin-tuc\/wp-content\/webp-express\/webp-images\/uploads\/2021\/02\/Group-1.png.webp\" type=\"image\/webp\"><img loading=\"lazy\" decoding=\"async\" alt=\"Logo HH\" data-id=\"117460\" width=\"230\" data-init-width=\"345\" height=\"51\" data-init-height=\"77\" title=\"Logo HH\" src=\"https:\/\/hoanghamobile.com\/tin-tuc\/wp-content\/uploads\/2021\/02\/Group-1.png\" data-width=\"230\" data-height=\"51\" style=\"\" data-link-wrap=\"true\" class=\"webpexpress-processed\"><\/picture><\/a><\/span><\/p>\n<p style=\"\"><strong>Hotline: 1900.2091<\/strong><\/p>\n<p><span><img loading=\"lazy\" decoding=\"async\" alt=\"tagline 1\" data-id=\"152312\" width=\"435\" data-init-width=\"478\" height=\"147\" data-init-height=\"161\" title=\"tagline 1\" loading=\"lazy\" src=\"\/\/hoanghamobile.com\/tin-tuc\/wp-content\/uploads\/2022\/01\/tagline-1.png\" data-width=\"435\" data-height=\"147\" style=\"\"><\/span><span><img loading=\"lazy\" decoding=\"async\" alt=\"gi\u00e1-ti\u1ec1n\" data-id=\"152419\" width=\"390\" data-init-width=\"371\" height=\"238\" data-init-height=\"226\" title=\"gi\u00e1-ti\u1ec1n\" loading=\"lazy\" src=\"\/\/hoanghamobile.com\/tin-tuc\/wp-content\/uploads\/2022\/01\/gia-tien.jpg\" data-width=\"390\" data-height=\"238\" style=\"\"><\/span><\/p>\n<p style=\"text-align: center;\"><strong>T\u1eeb 27.01 \u0111\u1ebfn 31.01<\/strong><\/p>\n<p><span style=\"\"><img loading=\"lazy\" decoding=\"async\" alt=\"Group 10\" data-id=\"152311\" width=\"742\" data-init-width=\"1194\" height=\"516\" data-init-height=\"830\" title=\"Group 10\" loading=\"lazy\" src=\"\/\/hoanghamobile.com\/tin-tuc\/wp-content\/uploads\/2022\/01\/Group-10.png\" data-width=\"742\" data-height=\"516\" style=\"\" ml-t=\"-145\" center-h-t=\"false\" ml-m=\"-167\" center-h-m=\"false\"><\/span><span style=\"\"><img loading=\"lazy\" decoding=\"async\" alt=\"qu\u00e0-redmi-note-11\" data-id=\"152421\" width=\"659\" data-init-width=\"522\" height=\"105\" data-init-height=\"83\" title=\"qu\u00e0-redmi-note-11\" loading=\"lazy\" src=\"\/\/hoanghamobile.com\/tin-tuc\/wp-content\/uploads\/2022\/01\/qua-redmi-note-11.png\" data-width=\"659\" data-height=\"105\" style=\"\" mt-d=\"0\" mt-m=\"-0.9801000000000002\" center-v-m=\"false\" mt-t=\"0\"><\/span><\/p>\n<p style=\"text-align: center;\"><strong>M\u00e0n h\u00ecnh 90Hz AMOLED<\/strong><\/p>\n<p><span><img loading=\"lazy\" decoding=\"async\" alt=\"Group 6\" data-id=\"152316\" width=\"720\" data-init-width=\"867\" height=\"365\" data-init-height=\"440\" title=\"Group 6\" loading=\"lazy\" src=\"\/\/hoanghamobile.com\/tin-tuc\/wp-content\/uploads\/2022\/01\/Group-6-1.png\" data-width=\"720\" data-height=\"365\" style=\"\"><\/span><\/p>\n<p style=\"text-align: center;\"><strong>Redmi Note 11 n\u00e2ng cao tr\u1ea3i nghi\u1ec7m th\u1ecb gi\u00e1c v\u1edbi h\u00ecnh \u1ea3nh m\u01b0\u1ee3t m\u00e0 r\u1ef1c r\u1ee1 nh\u1edd m\u00e0n h\u00ecnh AMOLED 90Hz FHD+ v\u1edbi c\u00f4ng ngh\u1ec7 DotDisplay. <\/strong><\/p>\n<p style=\"text-align: center;\"><strong>M\u00e0n h\u00ecnh l\u1edbn 6,43&#8243; FHD+ \u0111\u1ea1t t\u1edbi \u0111\u1ed9 s\u00e1ng 1000 nit \u0111\u1ea3m b\u1ea3o \u0111\u1ed9 r\u00f5 n\u00e9t c\u1ee7a m\u00e0n h\u00ecnh ngay d\u01b0\u1edbi \u00e1nh s\u00e1ng ban ng\u00e0y.<\/strong><\/p>\n<p style=\"text-align: center;\"><strong>S\u1ea1c nhanh 33W &#8211; Pin 5000mAh<\/strong><\/p>\n<p><span><img loading=\"lazy\" decoding=\"async\" alt=\"Group 7\" data-id=\"152320\" width=\"720\" data-init-width=\"867\" height=\"370\" data-init-height=\"446\" title=\"Group 7\" loading=\"lazy\" src=\"\/\/hoanghamobile.com\/tin-tuc\/wp-content\/uploads\/2022\/01\/Group-7-1.png\" data-width=\"720\" data-height=\"370\" style=\"\"><\/span><\/p>\n<p style=\"text-align: center;\"><strong><span style=\"font-size: 16px;\">Vi\u00ean pin l\u1edbn 5000mAh v\u00e0 s\u1ea1c nhanh 33W cho ph\u00e9p s\u1ea1c t\u1eeb 0 \u0111\u1ebfn 100% ch\u1ec9 trong kho\u1ea3ng 1 gi\u1edd*<\/span><\/strong><\/p>\n<p style=\"text-align: center;\"><strong>*T\u1ea5t c\u1ea3 d\u1eef li\u1ec7u tr\u00ean trang n\u00e0y li\u00ean quan \u0111\u1ebfn vi\u1ec7c s\u1ea1c pin v\u00e0 tu\u1ed5i th\u1ecd pin \u0111\u1ec1u l\u00e0 do ph\u00f2ng th\u00ed nghi\u1ec7m Xiaomi cung c\u1ea5p. Hi\u1ec7u n\u0103ng th\u1ef1c t\u1ebf c\u00f3 th\u1ec3 s\u1ebd kh\u00e1c t\u00f9y v\u00e0ophi\u00ean b\u1ea3n ph\u1ea7n m\u1ec1m, m\u00f4i tr\u01b0\u1eddng th\u1eed nghi\u1ec7m c\u1ee5 th\u1ec3 v\u00e0 d\u00f2ng \u0111i\u1ec7n tho\u1ea1i. T\u1ea5t c\u1ea3 n\u1ed9i dung so s\u00e1nh hi\u1ec3n th\u1ecb tr\u00ean trang n\u00e0y ch\u1ec9 \u0111\u1ec1 c\u1eadp \u0111\u1ebfn s\u1ea3n ph\u1ea9m c\u1ee7a Xiaomi.<\/strong><\/p>\n<p style=\"text-align: center;\"><strong>B\u1ed9 4 Camera 50MP<\/strong><\/p>\n<p><span><img loading=\"lazy\" decoding=\"async\" alt=\"Group 8\" data-id=\"152323\" width=\"720\" data-init-width=\"874\" height=\"366\" data-init-height=\"444\" title=\"Group 8\" loading=\"lazy\" src=\"\/\/hoanghamobile.com\/tin-tuc\/wp-content\/uploads\/2022\/01\/Group-8-1.png\" data-width=\"720\" data-height=\"366\" style=\"\"><\/span><\/p>\n<p style=\"text-align: center;\"><strong>Redmi Note 11 s\u1edf h\u1eefu b\u1ed9 4 camera AI 50MP b\u1eadc nh\u1ea5t trong ph\u00e2n kh\u00fac v\u1edbi h\u1ea7u h\u1ebft c\u00e1c c\u00f4ng ngh\u1ec7 nhi\u1ebfp \u1ea3nh di \u0111\u1ed9ng hi\u1ec7n \u0111\u1ea1i nh\u1ea5t.Camera ch\u00ednh 50MP \u0111\u1ea3m b\u1ea3o \u0111\u1ed9 r\u00f5 n\u00e9t, camera g\u00f3c si\u00eau r\u1ed9ng 8MP gi\u00fap m\u1edf r\u1ed9ng g\u00f3c nh\u00ecn t\u1edbi 118 \u0111\u1ed9, camera macro 2MP b\u1eaft tr\u1ecdn nh\u1eefng chi ti\u1ebft nh\u1ecf nh\u1ea5tv\u00e0 c\u1ea3m bi\u1ebfn \u0111\u1ed9 s\u00e2u 2MP \u0111\u1ec3 ch\u1ee5p nh\u1eefng b\u1ee9c \u1ea3nh ch\u00e2n dung t\u1ef1 nhi\u00ean h\u01a1n.<\/strong><\/p>\n<p style=\"text-align: center;\"><strong>Vi x\u1eed l\u00fd Snapdragon 680<\/strong><\/p>\n<p><span><img loading=\"lazy\" decoding=\"async\" alt=\"Group 9\" data-id=\"152324\" width=\"720\" data-init-width=\"869\" height=\"370\" data-init-height=\"446\" title=\"Group 9\" loading=\"lazy\" src=\"\/\/hoanghamobile.com\/tin-tuc\/wp-content\/uploads\/2022\/01\/Group-9-1.png\" data-width=\"720\" data-height=\"370\" style=\"\"><\/span><\/p>\n<p style=\"text-align: center;\"><strong>Redmi Note 11 \u0111\u01b0\u1ee3c trang b\u1ecb vi x\u1eed l\u00fd Snapdragon 680 tr\u00ean ti\u1ebfn tr\u00ecnh 6nm t\u1ed1i t\u00e2n s\u1ebd cho b\u1ea1n tr\u1ea3i nghi\u1ec7m hi\u1ec7u n\u0103ng \u0111\u00e1ng kinh ng\u1ea1c<\/strong><\/p>\n<p style=\"text-align: center;\"><strong>Th\u00f4ng tin \u0111\u1eb7t h\u00e0ng<\/strong><\/p>\n<p style=\"\">T\u1eeb 27-31\/01: Ch\u01b0\u01a1ng tr\u00ecnh m\u1edf b\u00e1n Redmi Note 11 4GB\/64GB- ch\u00ednh h\u00e3ng gi\u00e1 4.690.000- Qu\u00e0 h\u00e3ng: Phi\u1ebfu mua h\u00e0ng 200.0000 + B\u1ea3o h\u00e0nh m\u00e0n h\u00ecnh 6 th\u00e1ng ( chi ti\u1ebft trong file \u0111\u00ednh k\u00e8m)Redmi Note 11 4GB\/128GB- ch\u00ednh h\u00e3ng gi\u00e1 4.990.000- Qu\u00e0 h\u00e3ng: Phi\u1ebfu mua h\u00e0ng 200.0000 + B\u1ea3o h\u00e0nh m\u00e0n h\u00ecnh 6 th\u00e1ng ( chi ti\u1ebft trong file \u0111\u00ednh k\u00e8m)<\/p>\n<p> <!-- style \u0111\u1ec3 scoll -->            <\/p>\n","protected":false},"excerpt":{"rendered":"<p>Hotline: 1900.2091 T\u1eeb 27.01 \u0111\u1ebfn 31.01 M\u00e0n h\u00ecnh 90Hz AMOLED Redmi Note 11 n\u00e2ng cao tr\u1ea3i nghi\u1ec7m th\u1ecb gi\u00e1c v\u1edbi h\u00ecnh \u1ea3nh m\u01b0\u1ee3t m\u00e0 r\u1ef1c r\u1ee1 nh\u1edd m\u00e0n h\u00ecnh AMOLED 90Hz FHD+ v\u1edbi c\u00f4ng ngh\u1ec7 DotDisplay. M\u00e0n h\u00ecnh l\u1edbn 6,43&#8243; FHD+ \u0111\u1ea1t t\u1edbi \u0111\u1ed9 s\u00e1ng 1000 nit \u0111\u1ea3m b\u1ea3o \u0111\u1ed9 r\u00f5 n\u00e9t c\u1ee7a m\u00e0n h\u00ecnh [&hellip;]<\/p>\n","protected":false},"author":28,"featured_media":152423,"parent":43252,"menu_order":0,"comment_status":"closed","ping_status":"closed","template":"","meta":{"footnotes":""},"class_list":["post-152296","page","type-page","status-publish","has-post-thumbnail","hentry"],"yoast_head":"<!-- This site is optimized with the Yoast SEO Premium plugin v24.2 (Yoast SEO v24.2) - https:\/\/yoast.com\/wordpress\/plugins\/seo\/ -->\n<title>Hotsale m\u1edf b\u00e1n Xiaomi Redmi Note 11 - Tin t\u1ee9c c\u00f4ng ngh\u1ec7 - HoangHaMobile<\/title>\n<meta name=\"description\" content=\"T\u1eeb 27 - 31.01.2022 - Hotsale m\u1edf b\u00e1n Xiaomi Redmi Note 11 - Gi\u00e1 ch\u1ec9 t\u1eeb 4.690.000\u0111 - T\u1eb7ng PMH 200.000\u0111 + B\u1ea3o h\u00e0nh m\u00e0n h\u00ecnh 6 th\u00e1ng + B\u1ea3o h\u00e0nh ch\u00ednh h\u00e3ng 18 th\u00e1ng.\" \/>\n<meta name=\"robots\" content=\"index, follow, max-snippet:-1, max-image-preview:large, max-video-preview:-1\" \/>\n<link rel=\"canonical\" href=\"https:\/\/hoanghamobile.com\/tin-tuc\/dat-hang\/hotsale-redmi-note-11\/\" \/>\n<meta property=\"og:locale\" content=\"vi_VN\" \/>\n<meta property=\"og:type\" content=\"article\" \/>\n<meta property=\"og:title\" content=\"Hotsale m\u1edf b\u00e1n Xiaomi Redmi Note 11 | Ho\u00e0ng H\u00e0 Mobile\" \/>\n<meta property=\"og:description\" content=\"T\u1eeb 27 - 31.01.2022 - Hotsale m\u1edf b\u00e1n Xiaomi Redmi Note 11 - Gi\u00e1 ch\u1ec9 t\u1eeb 4.690.000\u0111 - T\u1eb7ng PMH 200.000\u0111 + B\u1ea3o h\u00e0nh m\u00e0n h\u00ecnh 6 th\u00e1ng + B\u1ea3o h\u00e0nh ch\u00ednh h\u00e3ng 18 th\u00e1ng.\" \/>\n<meta property=\"og:url\" content=\"https:\/\/hoanghamobile.com\/tin-tuc\/dat-hang\/hotsale-redmi-note-11\/\" \/>\n<meta property=\"og:site_name\" content=\"Tin t\u1ee9c c\u00f4ng ngh\u1ec7 - HoangHaMobile\" \/>\n<meta property=\"article:publisher\" content=\"https:\/\/www.facebook.com\/hoanghamobilecom\" \/>\n<meta property=\"article:modified_time\" content=\"2022-01-28T02:44:14+00:00\" \/>\n<meta property=\"og:image\" content=\"https:\/\/hoanghamobile.com\/tin-tuc\/wp-content\/uploads\/2022\/01\/anh-thumb-redmi-note-11-2.jpg\" \/>\n\t<meta property=\"og:image:width\" content=\"1200\" \/>\n\t<meta property=\"og:image:height\" content=\"628\" \/>\n\t<meta property=\"og:image:type\" content=\"image\/jpeg\" \/>\n<meta name=\"twitter:card\" content=\"summary_large_image\" \/>\n<meta name=\"twitter:title\" content=\"Hotsale m\u1edf b\u00e1n Xiaomi Redmi Note 11\" \/>\n<meta name=\"twitter:label1\" content=\"\u01af\u1edbc t\u00ednh th\u1eddi gian \u0111\u1ecdc\" \/>\n\t<meta name=\"twitter:data1\" content=\"2 ph\u00fat\" \/>\n<script type=\"application\/ld+json\" class=\"yoast-schema-graph\">{\"@context\":\"https:\/\/schema.org\",\"@graph\":[{\"@type\":\"WebPage\",\"@id\":\"https:\/\/hoanghamobile.com\/tin-tuc\/dat-hang\/hotsale-redmi-note-11\/\",\"url\":\"https:\/\/hoanghamobile.com\/tin-tuc\/dat-hang\/hotsale-redmi-note-11\/\",\"name\":\"Hotsale m\u1edf b\u00e1n Xiaomi Redmi Note 11 - Tin t\u1ee9c c\u00f4ng ngh\u1ec7 - HoangHaMobile\",\"isPartOf\":{\"@id\":\"https:\/\/hoanghamobile.com\/tin-tuc\/#website\"},\"primaryImageOfPage\":{\"@id\":\"https:\/\/hoanghamobile.com\/tin-tuc\/dat-hang\/hotsale-redmi-note-11\/#primaryimage\"},\"image\":{\"@id\":\"https:\/\/hoanghamobile.com\/tin-tuc\/dat-hang\/hotsale-redmi-note-11\/#primaryimage\"},\"thumbnailUrl\":\"https:\/\/hoanghamobile.com\/tin-tuc\/wp-content\/uploads\/2022\/01\/anh-thumb-redmi-note-11-3.jpg\",\"datePublished\":\"2022-01-26T17:00:46+00:00\",\"dateModified\":\"2022-01-28T02:44:14+00:00\",\"description\":\"T\u1eeb 27 - 31.01.2022 - Hotsale m\u1edf b\u00e1n Xiaomi Redmi Note 11 - Gi\u00e1 ch\u1ec9 t\u1eeb 4.690.000\u0111 - T\u1eb7ng PMH 200.000\u0111 + B\u1ea3o h\u00e0nh m\u00e0n h\u00ecnh 6 th\u00e1ng + B\u1ea3o h\u00e0nh ch\u00ednh h\u00e3ng 18 th\u00e1ng.\",\"breadcrumb\":{\"@id\":\"https:\/\/hoanghamobile.com\/tin-tuc\/dat-hang\/hotsale-redmi-note-11\/#breadcrumb\"},\"inLanguage\":\"vi\",\"potentialAction\":[{\"@type\":\"ReadAction\",\"target\":[\"https:\/\/hoanghamobile.com\/tin-tuc\/dat-hang\/hotsale-redmi-note-11\/\"]}]},{\"@type\":\"ImageObject\",\"inLanguage\":\"vi\",\"@id\":\"https:\/\/hoanghamobile.com\/tin-tuc\/dat-hang\/hotsale-redmi-note-11\/#primaryimage\",\"url\":\"https:\/\/hoanghamobile.com\/tin-tuc\/wp-content\/uploads\/2022\/01\/anh-thumb-redmi-note-11-3.jpg\",\"contentUrl\":\"https:\/\/hoanghamobile.com\/tin-tuc\/wp-content\/uploads\/2022\/01\/anh-thumb-redmi-note-11-3.jpg\",\"width\":1200,\"height\":628,\"caption\":\"\u1ea3nh-thumb-redmi-note-11\"},{\"@type\":\"BreadcrumbList\",\"@id\":\"https:\/\/hoanghamobile.com\/tin-tuc\/dat-hang\/hotsale-redmi-note-11\/#breadcrumb\",\"itemListElement\":[{\"@type\":\"ListItem\",\"position\":1,\"name\":\"Trang ch\u1ee7\",\"item\":\"https:\/\/hoanghamobile.com\/tin-tuc\/\"},{\"@type\":\"ListItem\",\"position\":2,\"name\":\"\u0110\u1eb7t h\u00e0ng\",\"item\":\"https:\/\/hoanghamobile.com\/tin-tuc\/dat-hang\/\"},{\"@type\":\"ListItem\",\"position\":3,\"name\":\"Hotsale m\u1edf b\u00e1n Xiaomi Redmi Note 11\"}]},{\"@type\":\"WebSite\",\"@id\":\"https:\/\/hoanghamobile.com\/tin-tuc\/#website\",\"url\":\"https:\/\/hoanghamobile.com\/tin-tuc\/\",\"name\":\"Tin t\u1ee9c c\u00f4ng ngh\u1ec7 - HoangHaMobile\",\"description\":\"\",\"publisher\":{\"@id\":\"https:\/\/hoanghamobile.com\/tin-tuc\/#organization\"},\"potentialAction\":[{\"@type\":\"SearchAction\",\"target\":{\"@type\":\"EntryPoint\",\"urlTemplate\":\"https:\/\/hoanghamobile.com\/tin-tuc\/?s={search_term_string}\"},\"query-input\":{\"@type\":\"PropertyValueSpecification\",\"valueRequired\":true,\"valueName\":\"search_term_string\"}}],\"inLanguage\":\"vi\"},{\"@type\":\"Organization\",\"@id\":\"https:\/\/hoanghamobile.com\/tin-tuc\/#organization\",\"name\":\"Tin t\u1ee9c c\u00f4ng ngh\u1ec7 - HoangHaMobile\",\"url\":\"https:\/\/hoanghamobile.com\/tin-tuc\/\",\"logo\":{\"@type\":\"ImageObject\",\"inLanguage\":\"vi\",\"@id\":\"https:\/\/hoanghamobile.com\/tin-tuc\/#\/schema\/logo\/image\/\",\"url\":\"https:\/\/hoanghamobile.com\/tin-tuc\/wp-content\/uploads\/2021\/12\/logo-text.png\",\"contentUrl\":\"https:\/\/hoanghamobile.com\/tin-tuc\/wp-content\/uploads\/2021\/12\/logo-text.png\",\"width\":256,\"height\":37,\"caption\":\"Tin t\u1ee9c c\u00f4ng ngh\u1ec7 - HoangHaMobile\"},\"image\":{\"@id\":\"https:\/\/hoanghamobile.com\/tin-tuc\/#\/schema\/logo\/image\/\"},\"sameAs\":[\"https:\/\/www.facebook.com\/hoanghamobilecom\"]}]}<\/script>\n<!-- \/ Yoast SEO Premium plugin. -->","yoast_head_json":{"title":"Hotsale m\u1edf b\u00e1n Xiaomi Redmi Note 11 - Tin t\u1ee9c c\u00f4ng ngh\u1ec7 - HoangHaMobile","description":"T\u1eeb 27 - 31.01.2022 - Hotsale m\u1edf b\u00e1n Xiaomi Redmi Note 11 - Gi\u00e1 ch\u1ec9 t\u1eeb 4.690.000\u0111 - T\u1eb7ng PMH 200.000\u0111 + B\u1ea3o h\u00e0nh m\u00e0n h\u00ecnh 6 th\u00e1ng + B\u1ea3o h\u00e0nh ch\u00ednh h\u00e3ng 18 th\u00e1ng.","robots":{"index":"index","follow":"follow","max-snippet":"max-snippet:-1","max-image-preview":"max-image-preview:large","max-video-preview":"max-video-preview:-1"},"canonical":"https:\/\/hoanghamobile.com\/tin-tuc\/dat-hang\/hotsale-redmi-note-11\/","og_locale":"vi_VN","og_type":"article","og_title":"Hotsale m\u1edf b\u00e1n Xiaomi Redmi Note 11 | Ho\u00e0ng H\u00e0 Mobile","og_description":"T\u1eeb 27 - 31.01.2022 - Hotsale m\u1edf b\u00e1n Xiaomi Redmi Note 11 - Gi\u00e1 ch\u1ec9 t\u1eeb 4.690.000\u0111 - T\u1eb7ng PMH 200.000\u0111 + B\u1ea3o h\u00e0nh m\u00e0n h\u00ecnh 6 th\u00e1ng + B\u1ea3o h\u00e0nh ch\u00ednh h\u00e3ng 18 th\u00e1ng.","og_url":"https:\/\/hoanghamobile.com\/tin-tuc\/dat-hang\/hotsale-redmi-note-11\/","og_site_name":"Tin t\u1ee9c c\u00f4ng ngh\u1ec7 - HoangHaMobile","article_publisher":"https:\/\/www.facebook.com\/hoanghamobilecom","article_modified_time":"2022-01-28T02:44:14+00:00","og_image":[{"width":1200,"height":628,"url":"https:\/\/hoanghamobile.com\/tin-tuc\/wp-content\/uploads\/2022\/01\/anh-thumb-redmi-note-11-2.jpg","type":"image\/jpeg"}],"twitter_card":"summary_large_image","twitter_title":"Hotsale m\u1edf b\u00e1n Xiaomi Redmi Note 11","twitter_misc":{"\u01af\u1edbc t\u00ednh th\u1eddi gian \u0111\u1ecdc":"2 ph\u00fat"},"schema":{"@context":"https:\/\/schema.org","@graph":[{"@type":"WebPage","@id":"https:\/\/hoanghamobile.com\/tin-tuc\/dat-hang\/hotsale-redmi-note-11\/","url":"https:\/\/hoanghamobile.com\/tin-tuc\/dat-hang\/hotsale-redmi-note-11\/","name":"Hotsale m\u1edf b\u00e1n Xiaomi Redmi Note 11 - Tin t\u1ee9c c\u00f4ng ngh\u1ec7 - HoangHaMobile","isPartOf":{"@id":"https:\/\/hoanghamobile.com\/tin-tuc\/#website"},"primaryImageOfPage":{"@id":"https:\/\/hoanghamobile.com\/tin-tuc\/dat-hang\/hotsale-redmi-note-11\/#primaryimage"},"image":{"@id":"https:\/\/hoanghamobile.com\/tin-tuc\/dat-hang\/hotsale-redmi-note-11\/#primaryimage"},"thumbnailUrl":"https:\/\/hoanghamobile.com\/tin-tuc\/wp-content\/uploads\/2022\/01\/anh-thumb-redmi-note-11-3.jpg","datePublished":"2022-01-26T17:00:46+00:00","dateModified":"2022-01-28T02:44:14+00:00","description":"T\u1eeb 27 - 31.01.2022 - Hotsale m\u1edf b\u00e1n Xiaomi Redmi Note 11 - Gi\u00e1 ch\u1ec9 t\u1eeb 4.690.000\u0111 - T\u1eb7ng PMH 200.000\u0111 + B\u1ea3o h\u00e0nh m\u00e0n h\u00ecnh 6 th\u00e1ng + B\u1ea3o h\u00e0nh ch\u00ednh h\u00e3ng 18 th\u00e1ng.","breadcrumb":{"@id":"https:\/\/hoanghamobile.com\/tin-tuc\/dat-hang\/hotsale-redmi-note-11\/#breadcrumb"},"inLanguage":"vi","potentialAction":[{"@type":"ReadAction","target":["https:\/\/hoanghamobile.com\/tin-tuc\/dat-hang\/hotsale-redmi-note-11\/"]}]},{"@type":"ImageObject","inLanguage":"vi","@id":"https:\/\/hoanghamobile.com\/tin-tuc\/dat-hang\/hotsale-redmi-note-11\/#primaryimage","url":"https:\/\/hoanghamobile.com\/tin-tuc\/wp-content\/uploads\/2022\/01\/anh-thumb-redmi-note-11-3.jpg","contentUrl":"https:\/\/hoanghamobile.com\/tin-tuc\/wp-content\/uploads\/2022\/01\/anh-thumb-redmi-note-11-3.jpg","width":1200,"height":628,"caption":"\u1ea3nh-thumb-redmi-note-11"},{"@type":"BreadcrumbList","@id":"https:\/\/hoanghamobile.com\/tin-tuc\/dat-hang\/hotsale-redmi-note-11\/#breadcrumb","itemListElement":[{"@type":"ListItem","position":1,"name":"Trang ch\u1ee7","item":"https:\/\/hoanghamobile.com\/tin-tuc\/"},{"@type":"ListItem","position":2,"name":"\u0110\u1eb7t h\u00e0ng","item":"https:\/\/hoanghamobile.com\/tin-tuc\/dat-hang\/"},{"@type":"ListItem","position":3,"name":"Hotsale m\u1edf b\u00e1n Xiaomi Redmi Note 11"}]},{"@type":"WebSite","@id":"https:\/\/hoanghamobile.com\/tin-tuc\/#website","url":"https:\/\/hoanghamobile.com\/tin-tuc\/","name":"Tin t\u1ee9c c\u00f4ng ngh\u1ec7 - HoangHaMobile","description":"","publisher":{"@id":"https:\/\/hoanghamobile.com\/tin-tuc\/#organization"},"potentialAction":[{"@type":"SearchAction","target":{"@type":"EntryPoint","urlTemplate":"https:\/\/hoanghamobile.com\/tin-tuc\/?s={search_term_string}"},"query-input":{"@type":"PropertyValueSpecification","valueRequired":true,"valueName":"search_term_string"}}],"inLanguage":"vi"},{"@type":"Organization","@id":"https:\/\/hoanghamobile.com\/tin-tuc\/#organization","name":"Tin t\u1ee9c c\u00f4ng ngh\u1ec7 - HoangHaMobile","url":"https:\/\/hoanghamobile.com\/tin-tuc\/","logo":{"@type":"ImageObject","inLanguage":"vi","@id":"https:\/\/hoanghamobile.com\/tin-tuc\/#\/schema\/logo\/image\/","url":"https:\/\/hoanghamobile.com\/tin-tuc\/wp-content\/uploads\/2021\/12\/logo-text.png","contentUrl":"https:\/\/hoanghamobile.com\/tin-tuc\/wp-content\/uploads\/2021\/12\/logo-text.png","width":256,"height":37,"caption":"Tin t\u1ee9c c\u00f4ng ngh\u1ec7 - HoangHaMobile"},"image":{"@id":"https:\/\/hoanghamobile.com\/tin-tuc\/#\/schema\/logo\/image\/"},"sameAs":["https:\/\/www.facebook.com\/hoanghamobilecom"]}]}},"_links":{"self":[{"href":"https:\/\/hoanghamobile.com\/tin-tuc\/wp-json\/wp\/v2\/pages\/152296","targetHints":{"allow":["GET"]}}],"collection":[{"href":"https:\/\/hoanghamobile.com\/tin-tuc\/wp-json\/wp\/v2\/pages"}],"about":[{"href":"https:\/\/hoanghamobile.com\/tin-tuc\/wp-json\/wp\/v2\/types\/page"}],"author":[{"embeddable":true,"href":"https:\/\/hoanghamobile.com\/tin-tuc\/wp-json\/wp\/v2\/users\/28"}],"replies":[{"embeddable":true,"href":"https:\/\/hoanghamobile.com\/tin-tuc\/wp-json\/wp\/v2\/comments?post=152296"}],"version-history":[{"count":0,"href":"https:\/\/hoanghamobile.com\/tin-tuc\/wp-json\/wp\/v2\/pages\/152296\/revisions"}],"up":[{"embeddable":true,"href":"https:\/\/hoanghamobile.com\/tin-tuc\/wp-json\/wp\/v2\/pages\/43252"}],"wp:featuredmedia":[{"embeddable":true,"href":"https:\/\/hoanghamobile.com\/tin-tuc\/wp-json\/wp\/v2\/media\/152423"}],"wp:attachment":[{"href":"https:\/\/hoanghamobile.com\/tin-tuc\/wp-json\/wp\/v2\/media?parent=152296"}],"curies":[{"name":"wp","href":"https:\/\/api.w.org\/{rel}","templated":true}]}}